{"id":976,"date":"2025-08-16T17:07:28","date_gmt":"2025-08-16T17:07:28","guid":{"rendered":"https:\/\/bydgoskascenabarokowa.pl\/?page_id=976"},"modified":"2025-10-02T14:50:39","modified_gmt":"2025-10-02T14:50:39","slug":"15-11-2025","status":"publish","type":"page","link":"https:\/\/bydgoskascenabarokowa.pl\/?page_id=976","title":{"rendered":"15.11.2025"},"content":{"rendered":"\n<figure class=\"wp-block-image size-full has-custom-border is-style-rounded\"><img loading=\"lazy\" decoding=\"async\" width=\"1200\" height=\"628\" src=\"http:\/\/bydgoskascenabarokowa.pl\/wp-content\/uploads\/2025\/08\/event-fb_1115.jpg\" alt=\"\" class=\"wp-image-938\" style=\"border-radius:20px\" srcset=\"https:\/\/bydgoskascenabarokowa.pl\/wp-content\/uploads\/2025\/08\/event-fb_1115.jpg 1200w, https:\/\/bydgoskascenabarokowa.pl\/wp-content\/uploads\/2025\/08\/event-fb_1115-300x157.jpg 300w, https:\/\/bydgoskascenabarokowa.pl\/wp-content\/uploads\/2025\/08\/event-fb_1115-1024x536.jpg 1024w, https:\/\/bydgoskascenabarokowa.pl\/wp-content\/uploads\/2025\/08\/event-fb_1115-768x402.jpg 768w, https:\/\/bydgoskascenabarokowa.pl\/wp-content\/uploads\/2025\/08\/event-fb_1115-1140x597.jpg 1140w\" sizes=\"auto, (max-width: 1200px) 100vw, 1200px\" \/><\/figure>\n\n\n\n<p><\/p>\n\n\n\n<h2 class=\"wp-block-heading\"><strong>Cantar e Pizzicar<br><\/strong>Sala Koncertowa Collegium Copernicanum<br>15 listopada 2025, g. 18:00<\/h2>\n\n\n\n<div class=\"wp-block-buttons is-layout-flex wp-block-buttons-is-layout-flex\">\n<div class=\"wp-block-button is-style-outline is-style-outline--1\"><a class=\"wp-block-button__link wp-element-button\" href=\"https:\/\/evently.pl\/events\/10085-bsb2025-cantar-e-pizzicar\" target=\"_blank\" rel=\"noreferrer noopener\">bilety<\/a><\/div>\n\n\n\n<div class=\"wp-block-button is-style-outline is-style-outline--2\"><a class=\"wp-block-button__link wp-element-button\" href=\"https:\/\/evently.pl\/events?filter%5Bpharse%5D=BSB2025&amp;filter%5Btype%5D=&amp;filter%5Bfrom_date%5D=01.08.2025+00%3A00&amp;filter%5Bto_price%5D=0\" target=\"_blank\" rel=\"noreferrer noopener\">wszystkie bilety<\/a><\/div>\n\n\n\n<div class=\"wp-block-button is-style-outline is-style-outline--3\"><a class=\"wp-block-button__link wp-element-button\" href=\"https:\/\/evently.pl\/events\/10087-bydgoska-scena-barokowa-bsb2025\" target=\"_blank\" rel=\"noreferrer noopener\">karnety BSB2025<\/a><\/div>\n<\/div>\n\n\n\n<p><\/p>\n\n\n\n<p><strong>WYKONAWCY<\/strong><br>Dorota Szczepa\u0144ska &#8211; sopran<br>Rafa\u0142 Tomkiewicz &#8211; kontratenor<br>Alon Sariel &#8211; mandolina<br>Martyna Pastuszka &#8211; skrzypce barokowe, kierownictwo artystyczne<br><br><strong>{Oh!} Orkiestra<\/strong><\/p>\n\n\n\n<p><\/p>\n\n\n\n<p><\/p>\n\n\n\n<p><strong>PROGRAM<\/strong><br>G.Ph. Telemann (1681-1767): Concerto Polonois G major TWV 43:G7<br>L. Vinci (ok. 1690-1730): Gismondo Re di Polonia <em>Parto con quella speme<\/em><br>T. Albinoni (1671-1751): <em>Dopoi nembi from Eraclea<\/em><br>J.A. Hasse (1699-1783): Mandolin concerto in G<br>J.A. Hasse: <em>Marc&#8217;Antonio e Cleopatra<\/em>, Aria <em>Bella estade<\/em><br>A. Scarlatti (1660-1725): <em>Carlo Re d\u2019Alemagna<\/em>, Aria <em>Aure voi, che sussurrando<\/em><br>L. Vinci: <em>Gismondo re di Polonia<\/em>, Aria <em>Ama chi t\u2019odia<\/em><br>A. Vivaldi (1678-1741): Mandolin concerto in C<br>A. Vivaldi: <em>Juditha tryumphan<\/em>s, Aria <em>Transit aetas<\/em><br>J.A. Hasse: <em>Sanctus Petrus et Sancta Maria Magdalena<\/em>, Aria <em>Mea tormenta, properate!<\/em><br>G.Ph. Telemann: Violin Concerto a moll TWV 51:a1 <em>Adagio &#8211; Allegro &#8211; Presto<\/em><br>W. von Bayreuth (1709-1758): <em>Argenore<\/em>, Aria <em>Vado a morir per te<\/em><br>A. Vivaldi: <em>Tieteberga<\/em>, Aria <em>Sento in seno ch&#8217;in pioggia di lagrime<\/em><br>G.F. H\u00e4ndel (1685-1759): <em>Giulio Cesare in Egitto<\/em>, Aria <em>Caro\u2026 bella\u2026Pi\u00f9 amabile belt\u00e0<\/em><\/p>\n\n\n\n<p><\/p>\n\n\n\n<p><\/p>\n\n\n\n<details class=\"wp-block-details is-layout-flow wp-block-details-is-layout-flow\"><summary>O PROGRAMIE<\/summary>\n<p>Barok kszta\u0142tuje swoj\u0105 dramaturgi\u0119 poprzez gr\u0119 afekt\u00f3w i kontrast\u00f3w: mi\u0119dzy liryczn\u0105 kantylen\u0105 a pulsuj\u0105cym rytmem ta\u0144ca, mi\u0119dzy retoryk\u0105 g\u0142osu a wirtuozeri\u0105 instrument\u00f3w. Program<em> Cantar e Pizzicar <\/em>zosta\u0142 zbudowany w\u0142a\u015bnie na tych napi\u0119ciach \u2013 prowadzi od idiomu koncertu instrumentalnego i stylizacji tanecznych, przez dramat opery seria, po refleksj\u0119 oratorium. Jego o\u015b stanowi dialog \u201ecantar\u201d i \u201epizzicar\u201d: \u015bpiewu i brzmienia strun szarpanych.<\/p>\n\n\n\n<p>Pocz\u0105tek wieczoru osadzony jest w nurcie koncertu i muzyki <em>alla polacca<\/em>. <em>Concerto Polonois<\/em> Telemanna oraz koncertowe ogniwa skrzypcowe i mandolinowe (Hasse, Vivaldi) pokazuj\u0105, jak barokowa orkiestra konstruuje energi\u0119 formy: klarowny rytm, wyrazista harmonia basso continuo, dialog soli z tutti. Jelitowe struny smyczk\u00f3w daj\u0105 ciep\u0142e, ziarniste brzmienie, a artykulacja \u201ena mowie\u201d wzmacnia retoryczno\u015b\u0107 frazy. W tej perspektywie koncert skrzypcowy (a-moll Telemanna) i koncerty mandolinowe nie s\u0105 tylko pokazem sprawno\u015bci \u2013 to laboratorium barw i afekt\u00f3w, w kt\u00f3rym kr\u00f3tkie motywy i kontrastuj\u0105ce odcinki buduj\u0105 narracj\u0119 r\u00f3wnie sugestywn\u0105 jak scena operowa.<\/p>\n\n\n\n<p>\u015arodkowe bloki programu nale\u017c\u0105 do w\u0142oskiej opery XVIII wieku. Vinci, Albinoni, Hasse, Scarlatti, Caldara i H\u00e4ndel reprezentuj\u0105 r\u00f3\u017cne odcienie opery poprzez ari\u0119, traktowan\u0105 jako miniatura dramatyczna, oparta na jednym afekcie i klarownej formie da capo. Dwa typy g\u0142osu, kt\u00f3re w baroku by\u0142y szczeg\u00f3lnie cenione: sopran o jasnym, srebrzystym blasku, i kontratenor, b\u0119d\u0105cy dzisiejszym odpowiednikiem legendarnego g\u0142osu kastrata, \u0142\u0105cz\u0105cy m\u0119sk\u0105 si\u0142\u0119 z niezwyk\u0142\u0105 delikatno\u015bci\u0105 &#8211; tworz\u0105 tu dwa odr\u0119bne \u201einstrumenty\u201d. Razem tworz\u0105 dynamiczn\u0105 sie\u0107 relacji, w kt\u00f3rej afekty opery ujawniaj\u0105 si\u0119 nie tylko w tek\u015bcie, ale w samym brzmieniu g\u0142os\u00f3w.<\/p>\n\n\n\n<p>Istotnym elementem wieczoru jest obecno\u015b\u0107 mandoliny \u2013 instrumentu, kt\u00f3ry w XVIII wieku przestaje by\u0107 wy\u0142\u0105cznie cz\u0119\u015bci\u0105 muzyki ludowej i amatorskiej, wchodz\u0105c do repertuaru koncertowego. U Vivaldiego i Hassego staje si\u0119 solist\u0105 w pe\u0142noprawnych koncertach, a jej jasne, szarpane d\u017awi\u0119ki wchodz\u0105 w dialog z orkiestr\u0105 i g\u0142osem, wnosz\u0105c wyj\u0105tkow\u0105 barw\u0119 i rytmiczn\u0105 precyzj\u0119 do narracji muzycznej. W <em>Cantar e Pizzicar<\/em> mandolina pojawia si\u0119 nie tylko jako solistka: staje si\u0119 partnerem dla g\u0142osu \u2013 zderzenie \u201epizzicare\u201d i \u201ecantare\u201d daje rzadk\u0105 mo\u017cliwo\u015b\u0107 bezpo\u015bredniego dialogu ze \u015bpiewem, w kt\u00f3rym krucho\u015b\u0107 d\u017awi\u0119ku strun i ekspresja ludzkiego g\u0142osu uzupe\u0142niaj\u0105 si\u0119, a czasem rywalizuj\u0105 o uwag\u0119 s\u0142uchacza.<\/p>\n\n\n\n<p>Warstwa sakralno-oratoryjna (Hasse, <em>Sanctus Petrus et Sancta Maria Magdalena<\/em>; Vivaldi,<em> Juditha triumphans<\/em>) dope\u0142nia obraz epoki. Tutaj dramat przenosi si\u0119 z teatru na obszar duchowej retoryki: duetowe sploty g\u0142os\u00f3w, imitacje, ostinatowe figury basu wzmacniaj\u0105 znaczenie tekstu, a orkiestra \u2013 z klawesynem i wiolonczel\u0105 w fundamencie \u2013 modeluje napi\u0119cie przez zmian\u0119 faktury i rytmu.<\/p>\n\n\n\n<p><em>Cantar e Pizzicar<\/em> to przede wszystkim spotkanie silnych osobowo\u015bci artystycznych. Ka\u017cdy z wykonawc\u00f3w wnosi w\u0142asne do\u015bwiadczenia i spos\u00f3b my\u015blenia o muzyce, a ca\u0142o\u015b\u0107 powstaje nie jako prezentacja jednego zespo\u0142u, lecz jako dialog mi\u0119dzy r\u00f3\u017cnymi wra\u017cliwo\u015bciami. Wsp\u00f3lne wykonanie staje si\u0119 przestrzeni\u0105 wymiany &#8211; g\u0142os\u00f3w, instrument\u00f3w, interpretacji &#8211; w kt\u00f3rej indywidualne j\u0119zyki splataj\u0105 si\u0119 w jedn\u0105 narracj\u0119. Dzi\u0119ki temu koncert nabiera charakteru wydarzenia unikalnego, opartego na tw\u00f3rczym zderzeniu odmiennych perspektyw.<\/p>\n\n\n\n<p><\/p>\n<\/details>\n\n\n\n<p>WYYKONAWCY<\/p>\n\n\n\n<figure class=\"wp-block-image size-large is-resized\"><img loading=\"lazy\" decoding=\"async\" width=\"1024\" height=\"576\" src=\"https:\/\/bydgoskascenabarokowa.pl\/wp-content\/uploads\/2025\/09\/zdjecie-koncert-15.11-1024x576.jpeg\" alt=\"\" class=\"wp-image-1115\" style=\"width:752px;height:auto\" srcset=\"https:\/\/bydgoskascenabarokowa.pl\/wp-content\/uploads\/2025\/09\/zdjecie-koncert-15.11-1024x576.jpeg 1024w, https:\/\/bydgoskascenabarokowa.pl\/wp-content\/uploads\/2025\/09\/zdjecie-koncert-15.11-300x169.jpeg 300w, https:\/\/bydgoskascenabarokowa.pl\/wp-content\/uploads\/2025\/09\/zdjecie-koncert-15.11-768x432.jpeg 768w, https:\/\/bydgoskascenabarokowa.pl\/wp-content\/uploads\/2025\/09\/zdjecie-koncert-15.11-1536x864.jpeg 1536w, https:\/\/bydgoskascenabarokowa.pl\/wp-content\/uploads\/2025\/09\/zdjecie-koncert-15.11-2048x1152.jpeg 2048w, https:\/\/bydgoskascenabarokowa.pl\/wp-content\/uploads\/2025\/09\/zdjecie-koncert-15.11-1140x641.jpeg 1140w\" sizes=\"auto, (max-width: 1024px) 100vw, 1024px\" \/><\/figure>\n\n\n\n<p><\/p>\n\n\n\n<details class=\"wp-block-details is-layout-flow wp-block-details-is-layout-flow\"><summary><strong>Dorota Szczepa\u0144ska<\/strong><\/summary>\n<p>Sopranistka specjalizuj\u0105ca si\u0119 przede wszystkim w muzyce epoki baroku i klasycyzmu. Ch\u0119tnie wykonuje muzyk\u0119 kameraln\u0105, nie stroni\u0105c r\u00f3wnie\u017c od improwizacji i jazzu. Studia wokalne uko\u0144czy\u0142a na Uniwersytecie Muzycznym im. Fryderyka Chopina w Warszawie i w Hochschule f\u00fcr Musik, Theater und Medien w Hannoverze w klasie Prof. Marka Rzepki. Wykona\u0142a m.in. g\u0142\u00f3wn\u0105 parti\u0119 w \u201eSemele\u201d G.F. Haendla pod batut\u0105 Howarda Armana oraz parti\u0119 Marii w \u201eLazarus\u201d F. Schuberta pod batut\u0105 Trevora Pinnocka podczas Potsdamer Winteroper. Wyst\u0105pi\u0142a na Baltic Sea Festival w Sztokholmie razem z Christina Pluhar i L\u2019Arpeggiata \u015bpiewaj\u0105c u boku C\u00e9line Sheen, Luciana Mancini, Vincenzo Capezzuto, Alessandro Giangrande and Jo\u00e3o Fernandes, jak i w Herrenhausen w Hannoverze u boku Rolando Villaz\u00f3n. W 2024 zadebiutowa\u0142a z sukcesem w roli Cleopatry w dziele \u201eGiulio Cesare\u201d H\u00e4ndla \u015bpiewaj\u0105c m.in. razem z Yuryim Mynenko i Nicholasem Tamagna pod batut\u0105 Adama Banaszaka w Warszawskiej Operze Kameralnej, zyskuj\u0105c uznanie publiczno\u015bci i krytyki. W tym samym roku zadebiutowa\u0142a r\u00f3wnie\u017c w roli Dydony w dziele \u201eDydona i Eneasz\u201d Purcella pod batut\u0105 Dirka Vermeulen\u2019a. W 2025 zadebiutowa\u0142a w roli Ismene w wykonaniu koncertowym &#8222;Mitridate re di Ponto&#8221; Mozarta pod batut\u0105 Philippe Jarousskiego na festiwalu Opera Rara. Wykona\u0142a tak\u017ce parti\u0119 La Madre w oratorium \u201eSan Giovanni Battista\u201d Stradellego u boku m.in. Topi Lehtipuu i Sylvii Frigato pod dyrekcj\u0105 Andrea de Carlo i jego Ensemble Mare Nostrum w Teatro Carlo Felice w Genovie oraz na festiwalu w Ravennie. Wyst\u0105pi\u0142a tak\u017ce jako Galatea w Haendlowskim dziele \u201eAcis and Galatea\u201d w Polskiej Operze Kr\u00f3lewskiej pod dyrekcj\u0105 Krzysztofa Garstki, jako Euridice w dziele Glucka pod dyrekcj\u0105 Paula Esswooda oraz wykona\u0142a parti\u0119 Orlanda w wersji koncertowej opery \u201eArgenore\u201d W. von Bayreuth pod batut\u0105 Antoniusa Adamske, a tak\u017ce m.in. parti\u0119 sopranow\u0105 w &#8222;Requiem&#8221; Mozarta pod dyrekcj\u0105 Martyny Pastuszki razem z {oh!} Orkiestr\u0105, Reginaldem Mobley&#8217;em i the Marian Consort w NOSPR. Dokona\u0142a r\u00f3wnie\u017c nagrania &#8222;Ave Maria&#8221; Krzysztofa A. Janczaka razem z London Symphony Orchestra, muzyki do baletu &#8222;St\u00edn&#8221; B. Martin\u016f wraz z Ianem Hobsonem i Sinfoni\u0105 Varsovi\u0105, jak i wielu innych nagra\u0144 p\u0142ytowych m.in. dla wytw\u00f3rni NAXOS, DUX i ARCANA. Za\u015bpiewa\u0142a tak\u017ce na wielu \u015bcie\u017ckach d\u017awi\u0119kowych m.in. do serialu &#8222;Zasada przyjemno\u015bci&#8221; M. Lorenca oraz &#8222;Even Mice belong in Heaven&#8221; i &#8222;Czarna Owca&#8221; K. A. Janczaka. Razem z Alonem Sarielem oraz Peterem Schwebsem stworzy\u0142a Lamento Project, w kt\u00f3rym barok przeplata si\u0119 z muzyk\u0105 popularn\u0105.<\/p>\n<\/details>\n\n\n\n<p><\/p>\n\n\n\n<details class=\"wp-block-details is-layout-flow wp-block-details-is-layout-flow\"><summary><strong>Rafa\u0142 Tomkiewicz<\/strong><\/summary>\n<p>kontratenor, doktor sztuki, absolwent Uniwersytetu Muzycznego Fryderyka Chopina w Warszawie (2018) w klasie prof. Artura Stefanowicza. W latach 2017\u20132019 by\u0142 uczestnikiem Akademii Operowej przy Teatrze Wielkim \u2013 Operze Narodowej. Finalista presti\u017cowego Konkursu Cesti w Innsbrucku (2018), po\u015bwi\u0119conego muzyce dawnej. W sezonie 2025\/26 wyst\u0105pi w rolach pierwszoplanowych: Giulio Cesare w Giulio Cesare in Egitto Haendla (Landestheater Salzburg), Ottone w L\u2019incoronazione di Poppea Monteverdiego (Staatstheater Darmstadt), Poro w Poro, Re dell\u2019Indie oraz Athamas w Semele Haendla (Opera Rara Festival).<\/p>\n\n\n\n<p>Do jego najnowszych kreacji nale\u017c\u0105: Oberon w A Midsummer Night\u2019s Dream Brittena (Oper Graz), La Virt\u00f9 w La Senna festeggiante Vivaldiego (Op\u00e9ra Royal de Versailles), Unulfo w Rodelindzie Haendla (Oper Frankfurt, MusikTheater an der Wien, Sala Santa Cecilia), Farnace w Mitridate, Re di Ponto Mozarta (Opera Rara Festival) czy Tolomeo w Giulio Cesare in Egitto (Warszawska Opera Kameralna). Wyst\u0119powa\u0142 tak\u017ce na Festiwalach Haendlowskich w Karlsruhe i Halle, debiutowa\u0142 jako Orfeo w Orfeo ed Euridice Glucka (Filharmonia Pomorska) oraz jako Pastor w L\u2019Orfeo Monteverdiego z zespo\u0142em L\u2019Arpeggiata. Artysta wsp\u00f3\u0142pracowa\u0142 z czo\u0142owymi dyrygentami, m.in. Christophe\u2019em Roussetem, Laurence\u2019em Cummingsem, George\u2019em Petrou i Benjaminem Baylem, a tak\u017ce z renomowanymi zespo\u0142ami, takimi jak Les Talens Lyriques, Freiburger Barockorchester czy Bach Consort Wien.<\/p>\n<\/details>\n\n\n\n<p><\/p>\n\n\n\n<details class=\"wp-block-details is-layout-flow wp-block-details-is-layout-flow\"><summary><strong>Alon Sariel<\/strong><\/summary>\n<p>Izraelski mandolinista, lutnista i dyrygent, kt\u00f3rego trudno zaszufladkowa\u0107.&nbsp;<em>Vancouver Sun<\/em>&nbsp;chwali jego \u201eol\u015bniewaj\u0105c\u0105 wirtuozeri\u0119\u201d,&nbsp;<em>Gramophone<\/em>&nbsp;nazywa seri\u0119 nagra\u0144&nbsp;<em>Plucked Bach<\/em>&nbsp;\u201ewysoce poetyck\u0105\u201d, a&nbsp;<em>Diapason<\/em>&nbsp;podkre\u015bla jego wra\u017cliw\u0105 gr\u0119 w&nbsp;<em>Op\u00e9ra Royal de Versailles<\/em>&nbsp;z zespo\u0142em&nbsp;<em>Le Po\u00e8me Harmonique<\/em>. Artysta wyst\u0119powa\u0142 jako solista w takich salach jak&nbsp;<em>Elbphilharmonie<\/em>&nbsp;w Hamburgu,&nbsp;<em>Concertgebouw<\/em>&nbsp;w Amsterdamie,&nbsp;<em>Palacio de Bellas Artes<\/em>&nbsp;w Meksyku czy&nbsp;<em>Sala S\u00e3o Paulo<\/em>&nbsp;w Brazylii oraz na festiwalach w Utrechcie, Innsbrucku, Halle, G\u00f6ttingen, W\u00fcrzburgu, Kopenhadze i Valletcie. Wsp\u00f3\u0142pracowa\u0142 z orkiestrami&nbsp;<em>Frankfurt Radio Symphony<\/em>,&nbsp;<em>Jerusalem Symphony Orchestra<\/em>,&nbsp;<em>NDR Radiophilharmonie<\/em>, a tak\u017ce z zespo\u0142ami historycznymi, m.in.&nbsp;<em>Cape Town Baroque Orchestra<\/em>&nbsp;i&nbsp;<em>K\u00f6lner Akademie<\/em>. W 2018 roku jego album&nbsp;<em>Telemandolin<\/em>&nbsp;zdoby\u0142 nagrod\u0119&nbsp;<em>OPUS Klassik<\/em>&nbsp;za najlepsze nagranie koncertu XVIII wieku.<\/p>\n\n\n\n<p>Repertuar Sariela obejmuje utwory od Bacha po Mozarta, ale ch\u0119tnie si\u0119ga te\u017c po mniej znanych kompozytor\u00f3w. W 2025 roku wyda album&nbsp;<em>Vienna Mandolin Stories<\/em>&nbsp;(PENTATONE), zawieraj\u0105cy odnalezione po 200 latach utwory Ernesta Kr\u00e4hmera oraz autorsk\u0105 rekonstrukcj\u0119 koncertu Haydna. Przed nim koncerty m.in. ze&nbsp;<em>V\u00e4ster\u00e5s Sinfonietta<\/em>,&nbsp;<em>Th\u00fcringen Philharmonie<\/em>&nbsp;i&nbsp;<em>English Chamber Orchestra<\/em>, wyst\u0119py w Japonii, Armenii oraz recitale&nbsp;<em>Plucked Bach<\/em>&nbsp;w Niemczech. Jest cz\u0142onkiem&nbsp;<em>Foundation Committee<\/em>&nbsp;Festiwalu Haendlowskiego w G\u00f6ttingen i ambasadorem organizacji&nbsp;<em>Pro Animale<\/em>.<\/p>\n<\/details>\n\n\n\n<p><\/p>\n\n\n\n<details class=\"wp-block-details is-layout-flow wp-block-details-is-layout-flow\"><summary><strong>Martyna Pastuszka<\/strong><\/summary>\n<p>Kapelmistrzyni, solistka, kameralistka, za\u0142o\u017cycielka i dyrektor artystyczny <em>{oh!}Orkiestry<\/em>, z kt\u00f3r\u0105 regularnie koncertuje. Wyst\u0119powa\u0142a tak\u017ce z cenionymi zespo\u0142ami, jako kierownik artystyczny, koncertmistrz, solistka czy kameralistka, m.in. <em>Le Concert de la Loge, Concerto Copenhagen,Hrvatski Barokni Ensambl, Collegium Vocale Gent<\/em>, <em>Le Parlement de Musique, Aukso, Orquesta Barroca de Sevilla.<\/em>Jako koncertmistrz wsp\u00f3\u0142pracuje z <em>Pygmalion Ensemble<\/em> Raphaela Pichona oraz orkiestr\u0105 <em>Utopia<\/em> Teodora Currentzisa.&nbsp;<\/p>\n\n\n\n<p>W 2022 roku jako dyrektor artystyczny-rezydent festiwalu Misteria Paschalia w Krakowie zaprogramowa\u0142a ca\u0142\u0105 edycj\u0119 i prawykona\u0142a oratorium Jacoba Schubacka Die J\u00fcnger zu Emaus.<em> {oh!} Orkiestra<\/em> pod jej kierownictwem wykonuje tak\u017ce opery, takie jak <em>Arminio <\/em>Hassego <em>Gismondo, re di Polonia<\/em> Vinciego i <em>Didone abbandonata<\/em> Sarriego. W 2022 roku <em>{oh!} Orkiestra<\/em> jako rezydent festiwalu Bayreuth Baroque poprowadzi\u0142a wykonanie sceniczne <em>Alessandro nell\u2019Indie<\/em> Vinciego, a w roku 2023 odby\u0142a si\u0119 premiera opery <em>Venceslao<\/em> Antonio Caldary.Prowadzona przez ni\u0105 <em>{oh!} Orkiestra<\/em> oraz <em>{oh!} Trio<\/em>&nbsp; nagrywa dla wytw\u00f3rni: Aparte, Sony, NIFC, Muso, CPO, Dux, Supraphon, Prospero.Martyna zosta\u0142a nominowana do nagr\u00f3d Opus Klassik w kategorii Dyrygent Roku, Paszporty Polityki, Fryderyki oraz nagrodzona Koryfeuszem 2023r. w kategorii Osobowo\u015b\u0107 Roku. W 2021 r. TVP Kultura zrealizowa\u0142a film dokumentalny w re\u017cyserii Grzegorza Jankowskiego \u201e Nie jestem maestro\u201d, przybli\u017caj\u0105cy prac\u0119 i relacje muzyk\u00f3w {<em>oh!} Orkiestry<\/em> oraz sylwetk\u0119 jej liderki. Ten dost\u0119pny jest na platformie vod.tvp.pl.<\/p>\n<\/details>\n\n\n\n<p><\/p>\n\n\n\n<figure class=\"wp-block-image size-large is-resized\"><img loading=\"lazy\" decoding=\"async\" width=\"1024\" height=\"683\" src=\"https:\/\/bydgoskascenabarokowa.pl\/wp-content\/uploads\/2025\/09\/OH_ORKIESTRA-photo-by_Clemens-Manser-1024x683.jpg\" alt=\"\" class=\"wp-image-1117\" style=\"width:732px;height:auto\" srcset=\"https:\/\/bydgoskascenabarokowa.pl\/wp-content\/uploads\/2025\/09\/OH_ORKIESTRA-photo-by_Clemens-Manser-1024x683.jpg 1024w, https:\/\/bydgoskascenabarokowa.pl\/wp-content\/uploads\/2025\/09\/OH_ORKIESTRA-photo-by_Clemens-Manser-300x200.jpg 300w, https:\/\/bydgoskascenabarokowa.pl\/wp-content\/uploads\/2025\/09\/OH_ORKIESTRA-photo-by_Clemens-Manser-768x512.jpg 768w, https:\/\/bydgoskascenabarokowa.pl\/wp-content\/uploads\/2025\/09\/OH_ORKIESTRA-photo-by_Clemens-Manser-1536x1025.jpg 1536w, https:\/\/bydgoskascenabarokowa.pl\/wp-content\/uploads\/2025\/09\/OH_ORKIESTRA-photo-by_Clemens-Manser-1140x760.jpg 1140w, https:\/\/bydgoskascenabarokowa.pl\/wp-content\/uploads\/2025\/09\/OH_ORKIESTRA-photo-by_Clemens-Manser.jpg 2000w\" sizes=\"auto, (max-width: 1024px) 100vw, 1024px\" \/><\/figure>\n\n\n\n<p><\/p>\n\n\n\n<details class=\"wp-block-details is-layout-flow wp-block-details-is-layout-flow\"><summary><strong>{Oh!} Orkiestra<\/strong><\/summary>\n<p><strong>{oh!} Orkiestra<\/strong> zosta\u0142a za\u0142o\u017cona w 2012 roku szybko zyskuj\u0105c miano najlepszej orkiestry specjalizuj\u0105cej si\u0119 w wykonawstwie historycznym w Polsce. Zesp\u00f3\u0142 koncertowa\u0142 w najwa\u017cniejszych salach koncertowych, takich jak Wigmore Hall, Theater an der Wien, Tchaikovsky Concert Hall w Moskwie, Auditorium de l&#8217;Op\u00e9ra de Dijon, oraz na festiwalach takich jak Bayreuth Baroque Opera Festival, Bachfest Leipzig, H\u00e4ndel-Festspiele w Halle, Tage Alter Musik Regensburg i Musikfestspiele Potsdam Sanssouci.{oh!} Orkiestra wyda\u0142a czterna\u015bcie album\u00f3w CD z muzyk\u0105 instrumentaln\u0105 i operow\u0105 r\u00f3\u017cnych epok. Zesp\u00f3\u0142 nieustannie odkrywa zapomniany barokowy repertuar operowy wskrzeszaj\u0105c mi\u0119dzy innymi dzie\u0142a takie jak <em>Alessandro nell\u2019Indie<\/em> Leonarda Vinci, <em>Gismondo re di Polonia<\/em> Leonarda Vinci i <em>Il Venceslao <\/em>Antonio Caldary. Rok 2022 przyni\u00f3s\u0142 orkiestrze owocn\u0105 wsp\u00f3\u0142prac\u0119 z festiwalem <em>Misteria Paschalia.<\/em> {oh!} Orkiestra zosta\u0142a zaproszona jako zesp\u00f3\u0142 rezydent wraz z Martyn\u0105 Pastuszk\u0105 jako Dyrektorem Artystycznym. Orkiestra by\u0142a r\u00f3wnie\u017c zespo\u0142em rezydentem Festiwalu Opery Barokowej w Bayreuth w 2022 roku. Od 2018 roku orkiestra regularnie wsp\u00f3\u0142pracuje z Narodowym Instytutem Fryderyka Chopina. Dzi\u0119ki tej wsp\u00f3\u0142pracy {oh!} Orkiestra otrzyma\u0142a od Instytutu zaproszenie do nagrania kompletu symfonii Mozarta, a tak\u017ce dzie\u0142 muzyki polskiego romantyzmu.<\/p>\n<\/details>\n\n\n\n<p><\/p>\n\n\n\n<p><\/p>\n","protected":false},"excerpt":{"rendered":"<p>Cantar e PizzicarSala Koncertowa Collegium Copernicanum15 listopada 2025, g. 18:00 WYKONAWCYDorota Szczepa\u0144ska &#8211; sopranRafa\u0142 Tomkiewicz &#8211; kontratenorAlon Sariel &#8211; mandolinaMartyna<span class=\"more-dots\">&#8230;<\/span><\/p>\n","protected":false},"author":1,"featured_media":0,"parent":0,"menu_order":0,"comment_status":"closed","ping_status":"closed","template":"page-templates\/no-sidebar-no-title.php","meta":{"footnotes":""},"class_list":["post-976","page","type-page","status-publish","hentry","no-post-thumbnail"],"_links":{"self":[{"href":"https:\/\/bydgoskascenabarokowa.pl\/index.php?rest_route=\/wp\/v2\/pages\/976","targetHints":{"allow":["GET"]}}],"collection":[{"href":"https:\/\/bydgoskascenabarokowa.pl\/index.php?rest_route=\/wp\/v2\/pages"}],"about":[{"href":"https:\/\/bydgoskascenabarokowa.pl\/index.php?rest_route=\/wp\/v2\/types\/page"}],"author":[{"embeddable":true,"href":"https:\/\/bydgoskascenabarokowa.pl\/index.php?rest_route=\/wp\/v2\/users\/1"}],"replies":[{"embeddable":true,"href":"https:\/\/bydgoskascenabarokowa.pl\/index.php?rest_route=%2Fwp%2Fv2%2Fcomments&post=976"}],"version-history":[{"count":21,"href":"https:\/\/bydgoskascenabarokowa.pl\/index.php?rest_route=\/wp\/v2\/pages\/976\/revisions"}],"predecessor-version":[{"id":1147,"href":"https:\/\/bydgoskascenabarokowa.pl\/index.php?rest_route=\/wp\/v2\/pages\/976\/revisions\/1147"}],"wp:attachment":[{"href":"https:\/\/bydgoskascenabarokowa.pl\/index.php?rest_route=%2Fwp%2Fv2%2Fmedia&parent=976"}],"curies":[{"name":"wp","href":"https:\/\/api.w.org\/{rel}","templated":true}]}}